rmine i(-12).
-482
Let t(s) = -s**3 - 127*s**2 - 2394*s - 70. Give t(-104).
138
Let z(s) = 14408*s + 14790. What is z(-1)?
382
Let a(i) = -i**3 - 148*i**2 + 25848*i + 458. Determine a(103).
-57
Let x(j) = -4*j**3 + 190*j**2 - 87*j - 189. Determine x(47).
140
Let v(q) = 2*q**3 + 201*q**2 - 6577*q + 24. Give v(26).
50
Let g(n) = -14*n**2 + 347*n - 41. Determine g(25).
-116
Let s(p) = 33*p**3 + 435*p**2 - 119. Determine s(-13).
895
Let b(v) = -5*v**2 + 11196*v - 2685570. Give b(1966).
-14
Let s(p) = 3475*p - 55642. Give s(16).
-42
Let g(m) = m**2 + 4685*m - 61029. Calculate g(13).
45
Let u(r) = 495*r - 1088. Give u(1).
-593
Let q(y) = 13607*y - 108860. Calculate q(8).
-4
Let k(b) = 26*b**2 - 580*b - 1740. Give k(-3).
234
Let d(s) = 16907*s + 152106. Give d(-9).
-57
Let c(z) = 1192*z + 4662. What is c(-4)?
-106
Let n(j) = -40969*j + 614551. Give n(15).
16
Let d(p) = -123*p + 15720. Calculate d(128).
-24
Let h(d) = d**3 - 178*d**2 + 763*d + 17724. What is h(173)?
78
Let m(x) = -944*x - 10524. What is m(-12)?
804
Let h(y) = 55*y**2 + 86*y - 263. What is h(3)?
490
Let i(n) = 3*n**2 + 38*n - 3299. What is i(30)?
541
Let n(u) = -2*u**3 + 38*u**2 - 1108*u + 21077. What is n(19)?
25
Let i(a) = 92*a**2 - 31019*a - 152193. Calculate i(342).
-3
Let z(n) = -3*n**2 + 59*n - 1195. What is z(19)?
-1157
Let v(d) = -138*d**2 - 21490*d - 15504. What is v(-155)?
-4
Let l(g) = -2*g**3 + 24*g**2 - 6354*g + 82938. Calculate l(13).
-2
Let a(k) = -k**2 - 152916*k + 9331589. Calculate a(61).
-8
Let s(f) = 201*f - 1470. Give s(7).
-63
Let w(f) = 8*f**2 + 9125*f - 27377. Determine w(3).
70
Let n(y) = -8446*y - 16788. Calculate n(-2).
104
Let b(r) = -r**3 + 42*r**2 - 471*r + 18128. Calculate b(41).
498
Let m(o) = -829*o + 4345. Determine m(5).
200
Let s(i) = -i**2 + 13251*i - 145631. Determine s(11).
9
Let p(z) = z**3 - 30*z**2 - 35*z - 758. Determine p(33).
1354
Let p(q) = -3*q**2 - 165*q + 4027. Determine p(-75).
-473
Let b(k) = 12415*k + 844221. Calculate b(-68).
1
Let u(g) = 903*g + 33516. Calculate u(-37).
105
Let g(z) = -z**3 + 24*z**2 + 1627*z - 32680. Calculate g(19).
38
Let i(d) = -2011*d + 112206. Calculate i(56).
-410
Let w(i) = i**3 + 22*i**2 + 89*i - 126. Determine w(-16).
-14
Let q(i) = -4*i**3 - 429*i**2 + 291*i - 3583. What is q(-108)?
-19
Let f(t) = t**3 - 35*t**2 + 652*t - 22848. Calculate f(35).
-28
Let k(d) = 3947*d**2 + 20120*d + 1916. Calculate k(-5).
-9
Let d(r) = -14*r**2 - 369*r + 248. Give d(-27).
5
Let v(d) = 111*d**3 + 10*d**2 - 25*d - 34. Determine v(-1).
-110
Let k(l) = 15*l**3 + 733*l**2 - 113*l - 796. Calculate k(-49).
-61
Let f(j) = -1258*j - 55324. Calculate f(-43).
-1230
Let z(q) = -12194*q - 24436772. What is z(-2004)?
4
Let b(m) = -14*m**2 - 348*m - 1137. Calculate b(-4).
31
Let d(y) = -8*y**2 - 26*y - 175. Give d(-4).
-199
Let f(t) = 27145*t - 298596. What is f(11)?
-1
Let p(u) = 33285*u - 66276. Calculate p(2).
294
Let i(s) = -24*s**3 + 1345*s**2 - 55*s - 117. Calculate i(56).
-61
Let r(d) = -4*d**2 - 458*d - 6411. Calculate r(-99).
-273
Let m(j) = -j**2 - 406*j + 51195. What is m(101)?
-12
Let r(t) = 15599*t - 77048. Give r(5).
947
Let z(d) = -d**2 + 150*d - 2306. What is z(13)?
-525
Let g(x) = -382*x**3 - 114*x**2 - 231*x. Give g(-2).
3062
Let i(h) = h**2 - 113*h - 1179. Give i(-9).
-81
Let n(x) = 33*x**3 - 4092*x**2 + x + 163. Calculate n(124).
287
Let i(m) = -2*m**3 - 592*m**2 - 2809*m + 29388. Calculate i(-291).
-3
Let l(w) = 130*w**3 - w**2 + 13. Determine l(0).
13
Let p(n) = n**3 - 58*n**2 + 112*n + 8059. Give p(53).
-50
Let c(u) = -2*u**3 - 182*u**2 + 14636*u + 1331872. What is c(-91)?
-4
Let y(p) = -455*p**2 + 1832*p. Give y(4).
48
Let h(f) = -96*f - 728. Calculate h(-29).
2056
Let h(j) = -89601*j + 1164794. Give h(13).
-19
Let d(q) = 13371*q + 187086. Calculate d(-14).
-108
Let r(a) = 6241*a - 24859. Calculate r(4).
105
Let s(v) = 13585*v - 2947938. Calculate s(217).
7
Let h(z) = -2*z**3 - 24*z**2 + 31*z + 27. Calculate h(-5).
-478
Let u(d) = 12669*d - 1368263. Determine u(108).
-11
Let g(b) = 453*b + 3031. Calculate g(-9).
-1046
Let h(n) = -n**2 + 1631*n - 276485. Determine h(192).
-197
Let d(k) = -2*k**3 - 230*k**2 + 483*k + 1217. Give d(-117).
-538
Let t(f) = f**2 + 1366*f - 256040. Calculate t(167).
-29
Let z(m) = -m + 762. Determine z(146).
616
Let g(s) = -5*s**2 + 11*s + 400. Calculate g(-8).
-8
Let d(q) = 5*q**3 - 4*q**2 - 360*q - 18. Calculate d(-8).
46
Let c(v) = -v**3 + 14*v**2 - 24*v - 28. Determine c(12).
-28
Let t(n) = 12*n**3 - 3529*n**2 + 292*n + 594. Give t(294).
6
Let y(d) = -8866*d - 2783845. Calculate y(-314).
79
Let v(x) = x**3 + 203*x**2 - 1465*x + 605. Calculate v(-210).
-445
Let o(w) = w**3 + 130*w**2 - 2133*w + 6384. Give o(4).
-4
Let v(a) = a**3 + 114*a**2 + 1308*a + 62. What is v(-13)?
127
Let a(v) = 1883*v + 13477. Determine a(-7).
296
Let d(z) = z**3 + 57*z**2 + 433*z + 24701. Calculate d(-57).
20
Let b(q) = 3*q**3 - 328*q**2 + 115*q - 650. Calculate b(109).
4
Let n(c) = -3*c**3 + 572*c**2 - 3158*c + 2528. Determine n(185).
123
Let f(c) = 5743*c - 1441489. Determine f(251).
4
Let b(g) = -27780*g - 37391877. Calculate b(-1346).
3
Let m(c) = -c**2 + 2569*c + 28517. Determine m(-11).
137
Let i(a) = 7*a**3 + 435*a**2 + 35*a + 114. Calculate i(-62).
1788
Let i(t) = 22094*t + 44402. Give i(-2).
214
Let h(n) = n**3 + 52*n**2 + 56*n + 237. Determine h(-51).
-18
Let z(k) = 275888*k - 26209349. Calculate z(95).
11
Let j(v) = -3*v**3 - 263*v**2 - 3709*v + 115. What is j(-70)?
45
Let l(k) = -12*k**3 - 204*k**2 + 196*k - 201. Give l(-18).
159
Let z(r) = 5499339*r + 3. What is z(0)?
3
Let f(h) = 43881*h + 133325. What is f(-3)?
1682
Let q(m) = -m**2 - 69*m - 1114. Give q(-75).
-1564
Let z(u) = -u**2 + 45*u - 437. Determine z(25).
63
Let x(n) = 100205*n + 901881. Calculate x(-9).
36
Let j(s) = 26*s**3 - 114*s**2 + 125*s - 65. Determine j(3).
-14
Let h(i) = 236*i**2 - 2590*i - 88. Determine h(11).
-22
Let h(i) = 14634*i + 292713. Give h(-20).
33
Let o(v) = -44157*v + 7374196. Calculate o(167).
-23
Let s(a) = 9*a**3 - 184*a**2 - 96*a - 144. What is s(21)?
45
Let t(y) = -y**2 - 302*y + 200928. Determine t(322).
0
Let s(b) = b**3 + 33*b**2 - 172*b - 3878. Give s(-35).
-308
Let n(s) = s**2 - 47129*s - 471374. Determine n(-10).
16
Let t(i) = -451251*i - 451228. Calculate t(-1).
23
Let v(u) = 198909*u + 198841. Determine v(-1).
-68
Let x(t) = -4*t**2 + 583*t - 11059. Determine x(123).
134
Let k(r) = 132925*r - 930493. Give k(7).
-18
Let b(s) = 2*s**2 + 48*s + 310. Determine b(-12).
22
Let c(g) = 23*g**3 - 93*g**2 + 5*g - 48. Determine c(5).
527
Let x(f) = f**3 + 2914*f**2 - 443555*f + 2. What is x(145)?
2
Let v(k) = 23*k**2 - 3689*k + 11078. Calculate v(3).
218
Let y(r) = r**2 - 738*r + 39389. Determine y(58).
-51
Let t(i) = -268*i**2 + 55*i + 192. What is t(-2)?
-990
Let r(u) = -12*u**3 - 538*u**2 - 3186*u + 11. Calculate r(-6).
2351
Let s(n) = -125*n**2 - 7380*n - 300. Give s(-59).
-5
Let c(z) = z**3 + 3*z**2 - 421*z - 133. Calculate c(-22).
-67
Let p(q) = q**2 + 717*q - 7848. Give p(11).
160
Let i(p) = p**3 + 9*p**2 - 5*p - 116. What is i(0)?
-116
Let x(q) = 393450*q + 1180363. Determine x(-3).
13
Let b(f) = -2*f**3 - 115*f**2 + 150*f + 11786. Calculate b(-57).
-13
Let w(z) = 5*z**3 + 120*z**2 - 36*z - 10. What is w(-24)?
854
Let v(l) = -3*l**2 + 1373*l - 17337. Determine v(13).
5
Let f(d) = 345*d**2 - 34*d + 66. Give f(2).
1378
Let s(j) = -67545*j + 675444. Determine s(10).
-6
Let l(z) = 240*z - 16439. Determine l(64).
-1079
Let g(b) = b**3 - 88*b**2 + 69*b + 1556. What is g(87)?
-10
Let d(k) = -452134*k + 15824700. Calculate d(35).
10
Let z(n) = -26*n**3 + 206*n**2 + 132*n - 921. Determine z(8).
7
Let j(g) = -67*g + 3609. Determine j(37).
1130
Let b(r) = -2*r**2 - 171026*r - 2735898. Calculate b(-16).
6
Let z(m) = -891316*m - 5347869. What is z(-6)?
27
Let w(r) = r**3 + 5*r**2 + 120*r + 1412. Calculate w(-9).
8
Let u(h) = 10*h**2 - 3251*h + 19196. Give u(6).
50
Let h(i) = 211*i**2 - 3859*i - 91. Determine h(18).
-1189
Let d(g) = -8*g**3 - 3114*g**2 + 5473*g - 385. Determine d(-391).
6
Let b(t) = 38*t**2 - 132*t - 191. Calculate b(5).
99
Let m(o) = 4*o**3 - 874*o**2 + 428*o + 1744. What is m(218)?
0
Let y(c) = 2*c**3 + 138*c**2 - 132*c + 249. Determine y(-70).
-311
Let x(d) = 12*d**2 - 5004*d + 10007. Calculate